985957 a composite number?
True
Is 96663407 composite?
True
Is 3373042969 composite?
True
Is 1444539193 a prime number?
True
Is 13865273711 a composite number?
False
Is 20844047647 composite?
True
Is 1189843459 a prime number?
False
Is 433205881 prime?
True
Is 22075876379 prime?
True
Is 4833332557 a prime number?
False
Is 587168473 prime?
True
Is 20828745419 a composite number?
False
Is 247086809 a composite number?
False
Is 27650557453 composite?
True
Is 234400493 a composite number?
True
Is 112528751 a prime number?
True
Is 419971523 a composite number?
True
Is 965198959 prime?
True
Is 3305441723 prime?
False
Is 6647939 a prime number?
True
Is 11258122477 prime?
False
Is 7236638069 prime?
True
Is 85041226561 a composite number?
False
Is 4713961319 a prime number?
False
Is 1108912963 a composite number?
False
Is 4334205587 a prime number?
True
Is 193096775923 composite?
False
Is 2722929373 a prime number?
False
Is 13031894035 a prime number?
False
Is 1331813311 composite?
True
Is 480821347 a prime number?
False
Is 5191028147 a composite number?
False
Is 191031626129 a prime number?
True
Is 15981512717 a composite number?
True
Is 537930959 a prime number?
True
Is 2791649207 prime?
False
Is 11449442141 a prime number?
True
Is 8105916139 composite?
True
Is 885412921 a composite number?
True
Is 7461753491 prime?
True
Is 693333721 composite?
True
Is 50395132883 prime?
False
Is 43241701 a composite number?
True
Is 4287672937 composite?
True
Is 925833563 a prime number?
True
Is 5149711727 prime?
True
Is 6606690427 prime?
True
Is 296809656509 a prime number?
True
Is 25222867777 a composite number?
True
Is 494893759 prime?
False
Is 1243482613 a composite number?
False
Is 672672103 composite?
True
Is 54573964769 a prime number?
True
Is 25081209779 composite?
False
Is 271058939009 a prime number?
False
Is 131591127 prime?
False
Is 180701231 a prime number?
True
Is 13202551699 composite?
False
Is 2063285447 a prime number?
True
Is 131538551 composite?
False
Is 1283989307 a composite number?
False
Is 56724337 prime?
False
Is 3469682273 a prime number?
False
Is 4384830509 composite?
True
Is 191656189105 a prime number?
False
Is 4001964797 a prime number?
False
Is 24513903779 composite?
True
Is 7573538647 prime?
False
Is 280100839 a composite number?
True
Is 148984879 a prime number?
True
Is 3844822227 prime?
False
Is 41461869227 prime?
True
Is 167011524327 composite?
True
Is 1528268849 a composite number?
True
Is 4528658159 prime?
True
Is 48677241191 composite?
False
Is 41089822049 prime?
True
Is 931816813 composite?
False
Is 8062140355 prime?
False
Is 31734520003 a prime number?
False
Is 171338587 composite?
True
Is 14063850439 composite?
False
Is 9814878491 prime?
False
Is 4078278863 composite?
False
Is 13263155431 prime?
False
Is 3212522807 a composite number?
True
Is 4892725379 a prime number?
True
Is 14794801391 a prime number?
True
Is 15205425377 a prime number?
False
Is 2098601801 a composite number?
True
Is 708279037 a composite number?
False
Is 7070929991 a composite number?
False
Is 1107440077 a prime number?
False
Is 3054055883 a prime number?
True
Is 250394114 prime?
False
Is 167566113581 composite?
True
Is 49749452899 a prime number?
False
Is 36656353 composite?
True
Is 78125593531 a composite number?
True
Is 395332471 prime?
True
Is 17040957559 a composite number?
False
Is 4264070095 a prime number?
False
Is 1800496085 composite?
True
Is 14280767099 a composite number?
True
Is 563059531 composite?
False
Is 530695589 composite?
True
Is 33570595529 prime?
False
Is 1261627673 a prime number?
False
Is 1051381559 a prime number?
True
Is 8089555379 composite?
False
Is 162979669 composite?
False
Is 4026616301 a prime number?
False
Is 4002874661 prime?
False
Is 2666482573 a prime number?
True
Is 43861408919 a composite number?
False
Is 2371847623 composite?
True
Is 317481587 a prime number?
True
Is 27886585943 prime?
True
Is 2096213243 a composite number?
True
Is 409618642 a prime number?
False
Is 30665741 prime?
False
Is 3511607287 a composite number?
True
Is 210479413 a prime number?
False
Is 25528898219 a prime number?
False
Is 238067551 a prime number?
True
Is 143058839069 prime?
False
Is 11813843543 a composite number?
False
Is 14263662851 a prime number?
True
Is 8712173929 a composite number?
True
Is 50589431 prime?
True
Is 28343342779 prime?
False
Is 70184369 a prime number?
False
Is 2615773309 a prime number?
False
Is 6334594463 a composite number?
False
Is 258045911 a prime number?
True
Is 37057819387 a composite number?
False
Is 4545173483 composite?
True
Is 165484873 a composite number?
False
Is 7934448521 prime?
True
Is 9869864167 a composite number?
True
Is 2887427539 a composite number?
True
Is 222264759 composite?
True
Is 120999066553 a composite number?
True
Is 1500413417 prime?
False
Is 290009 composite?
True
Is 2130889169 a prime number?
False
Is 16879901 composite?
False
Is 174203557877 a prime number?
True
Is 3100922957 composite?
True
Is 5325179477 a prime number?
False
Is 966648689 a prime number?
False
Is 490238699 a composite number?
True
Is 106947293 a prime number?
True
Is 62960117849 a composite number?
False
Is 2581942567 a composite number?
False
Is 57904639847 prime?
True
Is 330318011 composite?
False
Is 8579431513 a prime number?
False
Is 742103797 a composite number?
True
Is 22736657069 composite?
True
Is 10227537751 prime?
True
Is 7544775347 prime?
False
Is 21554756557 composite?
False
Is 1970960171 prime?
True
Is 3327338081 prime?
False
Is 798523763 a composite number?
False
Is 934887221 a composite number?
False
Is 5393963347 a composite number?
False
Is 15516925147 prime?
False
Is 56272641718 composite?
True
Is 1283217883 composite?
False
Is 3943324223 composite?
True
Is 13392090707 a prime number?
False
Is 72134903 composite?
False
Is 224941609 a prime number?
True
Is 5147032697 composite?
False
Is 7125799399 a prime number?
False
Is 3059818603 prime?
True
Is 2906135081 composite?
False
Is 1099222793 composite?
True
Is 18253109207 a prime number?
False
Is 163256421847 a prime number?
False
Is 1514598539 a composite number?
False
Is 1630233523 a prime number?
True
Is 12850697759 composite?
False
Is 15429324227 prime?
False
Is 1005106247 a composite number?
True
Is 9768610289 composite?
False
Is 4966984441 composite?
True
Is 4013613607 composite?
False
Is 31859237999 composite?
False
Is 14946587771 composite?
True
Is 9519554207 a prime number?
True
Is 104911334291 a composite number?
False
Is 884004271 composite?
False
Is 29926544699 a composite number?
False
Is 6520902469 composite?
False
Is 37304009489 composite?
False
Is 105751409399 prime?
True
Is 129922420085 prime?
False
Is 1116351919 a composite number?
False
Is 453182797 a composite number?
True
Is 1210298227 a prime number?
True
Is 102654157877 prime?
False
Is 4640680523 prime?
True
Is 15222510907 a composite number?
False
Is 1344912395 a composite number?
True
Is 3325366483 prime?
False
Is 1173457633 a prime number?
True
Is 56896769 a composite number?
False
Is 78407109799 a prime number?
False
Is 198622397 prime?
True
Is 37674695269 a composite number?
False
Is 198389423 composite?
False
Is 2035515913 a composite number?
False
Is 7413010649 composite?
True
Is 429012970187 prime?
True
Is 118636403 composite?
True
Is 29688766951 a prime number?
False
Is 8116703503 a composite number?
False
Is 16779066643 a prime number?
False
Is 6606770317 prime?
False
Is 11340118879 a prime number?
True
Is 1846838857 prime?
False
Is 23845650511 a prime number?
True
Is 9703005797 composite?
True
Is 355913461 composite?
False
Is 19991855021 a composite number?
True
Is 5078226361 composite?
True
Is 116332841 a composite number?
False
Is 15138723217 prime?
True
Is 21640155721 a composite number?
False
Is 171063796781 composite?
True
Is 145095919 composite?
False
Is 27883907609 composite?
False
Is 107094791437 composite?
True
Is 13972886926 prime?
False
Is 7036639853 a prime number?
False
Is 7364847703 prime?
False
Is 5653492423 a composite number?
False
Is 72713822831 composite?
True
Is 529101389 prime?
True
Is 349485247 a composite number?
False
Is 953700473 a prime number?
False
Is 16634758033 a composite number?
False
Is 3843568081 composite?
False
Is 9071469479 compos